{"id":609,"date":"2025-12-31T15:04:17","date_gmt":"2025-12-31T15:04:17","guid":{"rendered":"https:\/\/www.nadejart.fr\/shop\/?post_type=product&#038;p=609"},"modified":"2026-01-05T08:10:11","modified_gmt":"2026-01-05T08:10:11","slug":"mon-carnet-a-dessiner-carnet-de-voyage","status":"publish","type":"product","link":"https:\/\/www.nadejart.fr\/shop\/produit\/mon-carnet-a-dessiner-carnet-de-voyage\/","title":{"rendered":"Mon carnet \u00e0 dessiner &#8211; Carnet de voyage"},"content":{"rendered":"<p class=\"isbn\">ISBN : 9782322557530<\/p>\n<p>En vente chez votre libraire habituel ou en commande sur le site de Book on Demand.<\/p>\n<p>En cliquant sur le bouton \u00ab\u00a0 Plus d\u2019infos\u00a0\u00bb, vous serez redirig\u00e9 vers le site de Book On Demand sur lequel vous pourrez commander votre livre.<\/p>\n","protected":false},"excerpt":{"rendered":"<p>Petit guide d&rsquo;exp\u00e9riences artistiques pour occuper ses vacances et r\u00e9aliser un chouette carnet de voyage !<\/p>\n<p>Dans ce carnet, vous trouverez cinquante id\u00e9es \u00e0 r\u00e9aliser directement dans le carnet tout au long de votre voyage.<br \/>\nLaissez s&rsquo;exprimer votre trait, m\u00eame imparfait, l&rsquo;id\u00e9e est de capturer l&rsquo;essence d&rsquo;un lieu, d&rsquo;un moment, d&rsquo;une rencontre, d&rsquo;une lumi\u00e8re&#8230;<br \/>\nDonnez de la couleur \u00e0 vos souvenirs en m\u00e9langeant les possibilit\u00e9s graphiques (photos, textes, dessins, peinture, tampons, d\u00e9coupages etc.), pour un p\u00e9riple inoubliable.<\/p>\n<p>Tout public, 116 pages.<\/p>\n","protected":false},"featured_media":610,"template":"","meta":{"_monsterinsights_skip_tracking":false,"_monsterinsights_sitenote_active":false,"_monsterinsights_sitenote_note":"","_monsterinsights_sitenote_category":0},"product_brand":[],"product_cat":[78],"product_tag":[88,34,90,65,86,89],"class_list":{"0":"post-609","1":"product","2":"type-product","3":"status-publish","4":"has-post-thumbnail","6":"product_cat-livres","7":"product_tag-carnet-a-dessin","8":"product_tag-carnet-de-voyage","9":"product_tag-conseils-dessin","10":"product_tag-creativite","11":"product_tag-exercices","12":"product_tag-idees-vacances","14":"first","15":"instock","16":"shipping-taxable","17":"product-type-external"},"aioseo_notices":[],"_links":{"self":[{"href":"https:\/\/www.nadejart.fr\/shop\/wp-json\/wp\/v2\/product\/609","targetHints":{"allow":["GET"]}}],"collection":[{"href":"https:\/\/www.nadejart.fr\/shop\/wp-json\/wp\/v2\/product"}],"about":[{"href":"https:\/\/www.nadejart.fr\/shop\/wp-json\/wp\/v2\/types\/product"}],"wp:featuredmedia":[{"embeddable":true,"href":"https:\/\/www.nadejart.fr\/shop\/wp-json\/wp\/v2\/media\/610"}],"wp:attachment":[{"href":"https:\/\/www.nadejart.fr\/shop\/wp-json\/wp\/v2\/media?parent=609"}],"wp:term":[{"taxonomy":"product_brand","embeddable":true,"href":"https:\/\/www.nadejart.fr\/shop\/wp-json\/wp\/v2\/product_brand?post=609"},{"taxonomy":"product_cat","embeddable":true,"href":"https:\/\/www.nadejart.fr\/shop\/wp-json\/wp\/v2\/product_cat?post=609"},{"taxonomy":"product_tag","embeddable":true,"href":"https:\/\/www.nadejart.fr\/shop\/wp-json\/wp\/v2\/product_tag?post=609"}],"curies":[{"name":"wp","href":"https:\/\/api.w.org\/{rel}","templated":true}]}}