{"id":575,"date":"2025-12-29T10:20:35","date_gmt":"2025-12-29T10:20:35","guid":{"rendered":"https:\/\/www.nadejart.fr\/shop\/?post_type=product&#038;p=575"},"modified":"2026-01-15T08:28:11","modified_gmt":"2026-01-15T08:28:11","slug":"accompagnement-professionnel-individuel","status":"publish","type":"product","link":"https:\/\/www.nadejart.fr\/shop\/produit\/accompagnement-professionnel-individuel\/","title":{"rendered":"Accompagnement professionnel individuel"},"content":{"rendered":"<h4>Accompagnement individuel (professionnel et semi-amateur*)<\/h4>\n<p>Exemples :<\/p>\n<p>Pour am\u00e9liorer son portfolio<br \/>\nPour avoir un avis d&rsquo;expert sur votre travail<br \/>\nPour \u00eatre guider dans l&rsquo;\u00e9criture et illustration d&rsquo;un texte<br \/>\nPour \u00eatre aid\u00e9 dans un projet d&rsquo;\u00e9dition (et les diff\u00e9rentes possibilit\u00e9s)<br \/>\nPour \u00eatre accompagn\u00e9 sur un projet professionnel n\u00e9cessitant du dessin<\/p>\n<p>N&rsquo;h\u00e9sitez pas \u00e0 poser <a href=\"https:\/\/www.nadejart.fr\/shop\/contact\/\">vos questions<\/a><\/p>\n<p>Pour prendre rendez-vous, utilisez le calendrier : <a href=\"https:\/\/calendly.com\/agc44\/cours-de-dessin\" target=\"_blank\" rel=\"noopener\">https:\/\/calendly.com\/agc44\/cours-de-dessin<\/a><\/p>\n<p><strong>Important<\/strong> :<br \/>\nEn cas de changement (d\u00e9placement, annulation&#8230;) de la part du participant, survenant moins de trois jours avant la date du cours, celui-ci sera d\u00fb dans son int\u00e9gralit\u00e9.<\/p>\n<p><em>* semi-amateur dans le sens o\u00f9 vous souhaitez vous investir dans la r\u00e9alisation d&rsquo;un projet ( \u00e0 contrario du terme amateur o\u00f9 seul le loisir est privil\u00e9gi\u00e9)<\/em><\/p>\n","protected":false},"excerpt":{"rendered":"<p>L&rsquo;accompagnement individuel professionnel est destin\u00e9 aux professionnels, ou \u00e0 ceux en passe de le devenir, dans le domaine de l&rsquo;illustration ou des m\u00e9tiers annexes n\u00e9cessitant une partie visuelle (paysagers, peintres, illustrateurs, graphistes, etc.). Il s&rsquo;adresse \u00e9galement aux semi-amateurs souhaitant mieux mettre en valeur leurs travaux par exemple ou se posant des questions sur leur style, leur niveau, les points positifs et les points d&rsquo;am\u00e9lioration possible.<\/p>\n<p>Nous d\u00e9finissons ensemble votre projet et faisons le point sur diff\u00e9rents \u00e9l\u00e9ments.<br \/>\nL\u2019accompagnement pourra porter sur diff\u00e9rents points, comme par exemple :<br \/>\n&#8211; votre identit\u00e9 visuelle<br \/>\n&#8211; votre portfolio\/book<br \/>\n&#8211; l&rsquo;\u00e9criture\/la r\u00e9alisation d&rsquo;un livre<br \/>\n&#8211; la r\u00e9daction d&rsquo;un devis<br \/>\n&#8211; votre besoin en formation (dessin, peinture&#8230;)<br \/>\netc.<\/p>\n<p>Cet accompagnement peut \u00e9galement avoir lieu \u00e0 distance, il n&rsquo;est pas n\u00e9cessaire d&rsquo;\u00eatre en pr\u00e9sentiel \u00e0 l&rsquo;atelier.<\/p>\n<p>A l\u2019issue du premier entretien nous d\u00e9finissons ensemble vos axes d&rsquo;am\u00e9liorations pour r\u00e9pondre au mieux \u00e0 vos attentes dans votre domaine.<\/p>\n<p>Le tarif indiqu\u00e9 correspond \u00e0 un entretien individuel d&rsquo;<strong>1 heure<\/strong><\/p>\n<p>&nbsp;<\/p>\n<p>D&rsquo;autres prestations sont possibles en dehors de l&rsquo;entretien :<\/p>\n<p>&#8211; Analyse de site web\/RS : \u00e0 partir de 120 \u20ac<br \/>\n&#8211; Analyse de book : \u00e0 partir de 80 \u20ac<\/p>\n","protected":false},"featured_media":581,"template":"","meta":{"_monsterinsights_skip_tracking":false,"_monsterinsights_sitenote_active":false,"_monsterinsights_sitenote_note":"","_monsterinsights_sitenote_category":0},"product_brand":[],"product_cat":[55,20],"product_tag":[23,24,25,75,26,27,76,77,74],"class_list":{"0":"post-575","1":"product","2":"type-product","3":"status-publish","4":"has-post-thumbnail","6":"product_cat-autres","7":"product_cat-cours-individuel","8":"product_tag-ados","9":"product_tag-adultes","10":"product_tag-aquarelle","11":"product_tag-coaching","12":"product_tag-cours","13":"product_tag-dessin","14":"product_tag-ecriture","15":"product_tag-formation-professionnelle","16":"product_tag-illustration","18":"first","19":"instock","20":"virtual","21":"purchasable","22":"product-type-simple"},"aioseo_notices":[],"_links":{"self":[{"href":"https:\/\/www.nadejart.fr\/shop\/wp-json\/wp\/v2\/product\/575","targetHints":{"allow":["GET"]}}],"collection":[{"href":"https:\/\/www.nadejart.fr\/shop\/wp-json\/wp\/v2\/product"}],"about":[{"href":"https:\/\/www.nadejart.fr\/shop\/wp-json\/wp\/v2\/types\/product"}],"wp:featuredmedia":[{"embeddable":true,"href":"https:\/\/www.nadejart.fr\/shop\/wp-json\/wp\/v2\/media\/581"}],"wp:attachment":[{"href":"https:\/\/www.nadejart.fr\/shop\/wp-json\/wp\/v2\/media?parent=575"}],"wp:term":[{"taxonomy":"product_brand","embeddable":true,"href":"https:\/\/www.nadejart.fr\/shop\/wp-json\/wp\/v2\/product_brand?post=575"},{"taxonomy":"product_cat","embeddable":true,"href":"https:\/\/www.nadejart.fr\/shop\/wp-json\/wp\/v2\/product_cat?post=575"},{"taxonomy":"product_tag","embeddable":true,"href":"https:\/\/www.nadejart.fr\/shop\/wp-json\/wp\/v2\/product_tag?post=575"}],"curies":[{"name":"wp","href":"https:\/\/api.w.org\/{rel}","templated":true}]}}

<h4>Accompagnement individuel (professionnel et semi-amateur*)</h4>
<p>Exemples :</p>
<p>Pour améliorer son portfolio<br />
Pour avoir un avis d&rsquo;expert sur votre travail<br />
Pour être guider dans l&rsquo;écriture et illustration d&rsquo;un texte<br />
Pour être aidé dans un projet d&rsquo;édition (et les différentes possibilités)<br />
Pour être accompagné sur un projet professionnel nécessitant du dessin</p>
<p>N&rsquo;hésitez pas à poser <a href="https://www.nadejart.fr/shop/contact/">vos questions</a></p>
<p>Pour prendre rendez-vous, utilisez le calendrier : <a href="https://calendly.com/agc44/cours-de-dessin" target="_blank" rel="noopener">https://calendly.com/agc44/cours-de-dessin</a></p>
<p><strong>Important</strong> :<br />
En cas de changement (déplacement, annulation&#8230;) de la part du participant, survenant moins de trois jours avant la date du cours, celui-ci sera dû dans son intégralité.</p>
<p><em>* semi-amateur dans le sens où vous souhaitez vous investir dans la réalisation d&rsquo;un projet ( à contrario du terme amateur où seul le loisir est privilégié)</em></p>

<p>L&rsquo;accompagnement individuel professionnel est destiné aux professionnels, ou à ceux en passe de le devenir, dans le domaine de l&rsquo;illustration ou des métiers annexes nécessitant une partie visuelle (paysagers, peintres, illustrateurs, graphistes, etc.). Il s&rsquo;adresse également aux semi-amateurs souhaitant mieux mettre en valeur leurs travaux par exemple ou se posant des questions sur leur style, leur niveau, les points positifs et les points d&rsquo;amélioration possible.</p>
<p>Nous définissons ensemble votre projet et faisons le point sur différents éléments.<br />
L’accompagnement pourra porter sur différents points, comme par exemple :<br />
&#8211; votre identité visuelle<br />
&#8211; votre portfolio/book<br />
&#8211; l&rsquo;écriture/la réalisation d&rsquo;un livre<br />
&#8211; la rédaction d&rsquo;un devis<br />
&#8211; votre besoin en formation (dessin, peinture&#8230;)<br />
etc.</p>
<p>Cet accompagnement peut également avoir lieu à distance, il n&rsquo;est pas nécessaire d&rsquo;être en présentiel à l&rsquo;atelier.</p>
<p>A l’issue du premier entretien nous définissons ensemble vos axes d&rsquo;améliorations pour répondre au mieux à vos attentes dans votre domaine.</p>
<p>Le tarif indiqué correspond à un entretien individuel d&rsquo;<strong>1 heure</strong></p>
<p>&nbsp;</p>
<p>D&rsquo;autres prestations sont possibles en dehors de l&rsquo;entretien :</p>
<p>&#8211; Analyse de site web/RS : à partir de 120 €<br />
&#8211; Analyse de book : à partir de 80 €</p>
