{"id":254,"date":"2025-09-24T10:20:35","date_gmt":"2025-09-24T10:20:35","guid":{"rendered":"https:\/\/www.nadejart.fr\/shop\/?post_type=product&#038;p=254"},"modified":"2025-09-25T12:42:03","modified_gmt":"2025-09-25T12:42:03","slug":"stage-carnet-de-voyage-en-hiver","status":"publish","type":"product","link":"https:\/\/www.nadejart.fr\/shop\/produit\/stage-carnet-de-voyage-en-hiver\/","title":{"rendered":"Stage carnet de voyage en hiver"},"content":{"rendered":"<p>Pour r\u00e9server votre place vous pouvez opter pour deux options :<\/p>\n<p>&#8211; Vous choisissez l&rsquo;option \u00ab\u00a0R\u00e9servation\u00a0\u00bb, dans ce cas il vous restera \u00e0 payer le solde de 130 euros le jour du stage<br \/>\n&#8211; Vous choisissez l&rsquo;option \u00ab\u00a0Tarif complet\u00a0\u00bb, vous n&rsquo;aurez plus rien \u00e0 payer le jour du stage.<\/p>\n<p><strong><span style=\"color: #db434c;\">Important<\/span><\/strong> : Merci d&rsquo;indiquer <strong>la date<\/strong> du stage choisi dans votre note de commande (au moment du paiement)<\/p>\n<p><strong>Modalit\u00e9s<\/strong> : L\u2019annulation est possible jusqu\u2019\u00e0 15 jours avant la date de d\u00e9but de stage, moyennant une retenue de 7 euros (pour frais bancaires).<br \/>\nEn de\u00e7\u00e0 des 15 jours, le montant correspondant \u00e0 la r\u00e9servation ne sera pas restitu\u00e9.<br \/>\nPour toute annulation survenant moins de 72 heures avant le d\u00e9but du stage, et si aucun rempla\u00e7ant n&rsquo;est trouv\u00e9, le stage sera d\u00fb dans son int\u00e9gralit\u00e9.<\/p>\n","protected":false},"excerpt":{"rendered":"<p>Durant ces deux journ\u00e9es nous alternerons balades photographiques en ville et en bord de mer, pauses gourmandes, et bien entendu travaux graphiques (bien au chaud \u00e0 l\u2019atelier).<br \/>\nUne belle occasion de r\u00e9aliser un chouette carnet de voyage avec des paysages mouvement\u00e9s aux tr\u00e8s belles couleurs que nous irons capturer entre Piriac et Batz-sur-mer, tout le long de la c\u00f4te d\u2019amour<\/p>\n<p>Infos pratiques :<br \/>\n&#8211; Stage \u00ab Carnet de voyage : la mer en hiver, c\u2019est bien aussi !\u00bb<br \/>\n&#8211; 2 jours de 10h \u00e0 18h (environ)<br \/>\n&#8211; mat\u00e9riel \u00e0 pr\u00e9voir (h\u00e9bergement et restauration non compris)<br \/>\nLe stage se d\u00e9roule par petits groupes (4-5 personnes) \u00e0 Gu\u00e9rande<\/p>\n","protected":false},"featured_media":257,"template":"","meta":{"_monsterinsights_skip_tracking":false,"_monsterinsights_sitenote_active":false,"_monsterinsights_sitenote_note":"","_monsterinsights_sitenote_category":0},"product_brand":[],"product_cat":[15],"product_tag":[34,35,27,29,36],"class_list":{"0":"post-254","1":"product","2":"type-product","3":"status-publish","4":"has-post-thumbnail","6":"product_cat-stage","7":"product_tag-carnet-de-voyage","8":"product_tag-croquis","9":"product_tag-dessin","10":"product_tag-peinture","11":"product_tag-stage","13":"first","14":"instock","15":"shipping-taxable","16":"purchasable","17":"product-type-variable"},"aioseo_notices":[],"_links":{"self":[{"href":"https:\/\/www.nadejart.fr\/shop\/wp-json\/wp\/v2\/product\/254","targetHints":{"allow":["GET"]}}],"collection":[{"href":"https:\/\/www.nadejart.fr\/shop\/wp-json\/wp\/v2\/product"}],"about":[{"href":"https:\/\/www.nadejart.fr\/shop\/wp-json\/wp\/v2\/types\/product"}],"wp:featuredmedia":[{"embeddable":true,"href":"https:\/\/www.nadejart.fr\/shop\/wp-json\/wp\/v2\/media\/257"}],"wp:attachment":[{"href":"https:\/\/www.nadejart.fr\/shop\/wp-json\/wp\/v2\/media?parent=254"}],"wp:term":[{"taxonomy":"product_brand","embeddable":true,"href":"https:\/\/www.nadejart.fr\/shop\/wp-json\/wp\/v2\/product_brand?post=254"},{"taxonomy":"product_cat","embeddable":true,"href":"https:\/\/www.nadejart.fr\/shop\/wp-json\/wp\/v2\/product_cat?post=254"},{"taxonomy":"product_tag","embeddable":true,"href":"https:\/\/www.nadejart.fr\/shop\/wp-json\/wp\/v2\/product_tag?post=254"}],"curies":[{"name":"wp","href":"https:\/\/api.w.org\/{rel}","templated":true}]}}

<p>Pour réserver votre place vous pouvez opter pour deux options :</p>
<p>&#8211; Vous choisissez l&rsquo;option « Réservation », dans ce cas il vous restera à payer le solde de 130 euros le jour du stage<br />
&#8211; Vous choisissez l&rsquo;option « Tarif complet », vous n&rsquo;aurez plus rien à payer le jour du stage.</p>
<p><strong><span style="color: #db434c;">Important</span></strong> : Merci d&rsquo;indiquer <strong>la date</strong> du stage choisi dans votre note de commande (au moment du paiement)</p>
<p><strong>Modalités</strong> : L’annulation est possible jusqu’à 15 jours avant la date de début de stage, moyennant une retenue de 7 euros (pour frais bancaires).<br />
En deçà des 15 jours, le montant correspondant à la réservation ne sera pas restitué.<br />
Pour toute annulation survenant moins de 72 heures avant le début du stage, et si aucun remplaçant n&rsquo;est trouvé, le stage sera dû dans son intégralité.</p>

<p>Durant ces deux journées nous alternerons balades photographiques en ville et en bord de mer, pauses gourmandes, et bien entendu travaux graphiques (bien au chaud à l’atelier).<br />
Une belle occasion de réaliser un chouette carnet de voyage avec des paysages mouvementés aux très belles couleurs que nous irons capturer entre Piriac et Batz-sur-mer, tout le long de la côte d’amour</p>
<p>Infos pratiques :<br />
&#8211; Stage « Carnet de voyage : la mer en hiver, c’est bien aussi !»<br />
&#8211; 2 jours de 10h à 18h (environ)<br />
&#8211; matériel à prévoir (hébergement et restauration non compris)<br />
Le stage se déroule par petits groupes (4-5 personnes) à Guérande</p>
