{"id":103,"date":"2025-09-23T14:22:18","date_gmt":"2025-09-23T14:22:18","guid":{"rendered":"https:\/\/www.nadejart.fr\/shop\/?post_type=product&#038;p=103"},"modified":"2026-01-26T12:59:37","modified_gmt":"2026-01-26T12:59:37","slug":"stage-carnet-artistique-creatif","status":"publish","type":"product","link":"https:\/\/www.nadejart.fr\/shop\/produit\/stage-carnet-artistique-creatif\/","title":{"rendered":"Carnet artistique cr\u00e9atif"},"content":{"rendered":"<p>Pour r\u00e9server votre place vous pouvez opter pour deux options :<\/p>\n<p>&#8211; Vous choisissez l&rsquo;option \u00ab\u00a0R\u00e9servation\u00a0\u00bb, dans ce cas il vous restera \u00e0 payer 155 euros le jour du stage<br \/>\n&#8211; Vous choisissez l&rsquo;option \u00ab\u00a0Tarif complet\u00a0\u00bb, vous n&rsquo;aurez plus rien \u00e0 payer le jour du stage.<\/p>\n<p><strong><span style=\"color: #db434c;\">Important<\/span><\/strong> : Merci d&rsquo;indiquer <strong>la date<\/strong> du stage choisi dans votre note de commande (au moment du paiement)<\/p>\n<p><strong>Modalit\u00e9s<\/strong> : L\u2019annulation est possible jusqu\u2019\u00e0 15 jours avant la date de d\u00e9but de stage, moyennant une retenue de 7 euros (pour frais bancaires).<br \/>\nEn de\u00e7\u00e0 des 15 jours, le montant correspondant \u00e0 la r\u00e9servation ne sera pas restitu\u00e9.<br \/>\nPour toute annulation survenant moins de 72 heures avant le d\u00e9but du stage, et si aucun rempla\u00e7ant n&rsquo;est trouv\u00e9, le stage sera d\u00fb dans son int\u00e9gralit\u00e9.<\/p>\n","protected":false},"excerpt":{"rendered":"<p>Durant ces deux journ\u00e9es vous d\u00e9couvrirez vos capacit\u00e9s cr\u00e9atives ! Selon le th\u00e8me choisi vous serez amen\u00e9 \u00e0 cr\u00e9er votre propre interpr\u00e9tation, graphique et textuelle du sujet. Ce stage vous permettra de lib\u00e9rer votre cr\u00e9ativit\u00e9, que se soit au niveau des techniques graphiques ou bien au niveau des mots. Vous manipulerez encres, crayons, collages, photos etc. afin de cr\u00e9er votre carnet d&rsquo;artiste cr\u00e9atif.<\/p>\n<p>Tous les niveaux sont les bienvenus.<\/p>\n<p>Ce stage ne n\u00e9cessite pas de connaissance pr\u00e9alable en dessin ou en peinture.<\/p>\n<p>Infos pratiques :<br \/>\n&#8211; Stage \u00ab Cr\u00e9atif \u00bb<br \/>\n&#8211; Dur\u00e9e : 2 jours, de 10h \u00e0 18h environ<br \/>\n&#8211; Le mat\u00e9riel est fourni, l&rsquo;achat d&rsquo;un carnet sera \u00e0 pr\u00e9voir + pr\u00e9voir son pique-nique<\/p>\n","protected":false},"featured_media":273,"template":"","meta":{"_monsterinsights_skip_tracking":false,"_monsterinsights_sitenote_active":false,"_monsterinsights_sitenote_note":"","_monsterinsights_sitenote_category":0},"product_brand":[],"product_cat":[15],"product_tag":[64,65,27,36],"class_list":{"0":"post-103","1":"product","2":"type-product","3":"status-publish","4":"has-post-thumbnail","6":"product_cat-stage","7":"product_tag-carnet-artistique-creatif","8":"product_tag-creativite","9":"product_tag-dessin","10":"product_tag-stage","12":"first","13":"instock","14":"shipping-taxable","15":"purchasable","16":"product-type-variable"},"aioseo_notices":[],"_links":{"self":[{"href":"https:\/\/www.nadejart.fr\/shop\/wp-json\/wp\/v2\/product\/103","targetHints":{"allow":["GET"]}}],"collection":[{"href":"https:\/\/www.nadejart.fr\/shop\/wp-json\/wp\/v2\/product"}],"about":[{"href":"https:\/\/www.nadejart.fr\/shop\/wp-json\/wp\/v2\/types\/product"}],"wp:featuredmedia":[{"embeddable":true,"href":"https:\/\/www.nadejart.fr\/shop\/wp-json\/wp\/v2\/media\/273"}],"wp:attachment":[{"href":"https:\/\/www.nadejart.fr\/shop\/wp-json\/wp\/v2\/media?parent=103"}],"wp:term":[{"taxonomy":"product_brand","embeddable":true,"href":"https:\/\/www.nadejart.fr\/shop\/wp-json\/wp\/v2\/product_brand?post=103"},{"taxonomy":"product_cat","embeddable":true,"href":"https:\/\/www.nadejart.fr\/shop\/wp-json\/wp\/v2\/product_cat?post=103"},{"taxonomy":"product_tag","embeddable":true,"href":"https:\/\/www.nadejart.fr\/shop\/wp-json\/wp\/v2\/product_tag?post=103"}],"curies":[{"name":"wp","href":"https:\/\/api.w.org\/{rel}","templated":true}]}}

Carnet artistique créatif

<p>Pour réserver votre place vous pouvez opter pour deux options :</p>
<p>&#8211; Vous choisissez l&rsquo;option « Réservation », dans ce cas il vous restera à payer 155 euros le jour du stage<br />
&#8211; Vous choisissez l&rsquo;option « Tarif complet », vous n&rsquo;aurez plus rien à payer le jour du stage.</p>
<p><strong><span style="color: #db434c;">Important</span></strong> : Merci d&rsquo;indiquer <strong>la date</strong> du stage choisi dans votre note de commande (au moment du paiement)</p>
<p><strong>Modalités</strong> : L’annulation est possible jusqu’à 15 jours avant la date de début de stage, moyennant une retenue de 7 euros (pour frais bancaires).<br />
En deçà des 15 jours, le montant correspondant à la réservation ne sera pas restitué.<br />
Pour toute annulation survenant moins de 72 heures avant le début du stage, et si aucun remplaçant n&rsquo;est trouvé, le stage sera dû dans son intégralité.</p>

<p>Durant ces deux journées vous découvrirez vos capacités créatives ! Selon le thème choisi vous serez amené à créer votre propre interprétation, graphique et textuelle du sujet. Ce stage vous permettra de libérer votre créativité, que se soit au niveau des techniques graphiques ou bien au niveau des mots. Vous manipulerez encres, crayons, collages, photos etc. afin de créer votre carnet d&rsquo;artiste créatif.</p>
<p>Tous les niveaux sont les bienvenus.</p>
<p>Ce stage ne nécessite pas de connaissance préalable en dessin ou en peinture.</p>
<p>Infos pratiques :<br />
&#8211; Stage « Créatif »<br />
&#8211; Durée : 2 jours, de 10h à 18h environ<br />
&#8211; Le matériel est fourni, l&rsquo;achat d&rsquo;un carnet sera à prévoir + prévoir son pique-nique</p>
