{"id":699,"date":"2026-03-25T10:14:10","date_gmt":"2026-03-25T10:14:10","guid":{"rendered":"https:\/\/www.nadejart.fr\/shop\/?page_id=699"},"modified":"2026-03-26T16:19:44","modified_gmt":"2026-03-26T16:19:44","slug":"foire-aux-questions","status":"publish","type":"page","link":"https:\/\/www.nadejart.fr\/shop\/foire-aux-questions\/","title":{"rendered":"Foire aux questions"},"content":{"rendered":"\n<h3 class=\"wp-block-heading\">Doit-on apporter son mat\u00e9riel de dessin\/de peinture ?<\/h3>\n\n\n\n<p>Cela d\u00e9pend du cours ou du stage. En r\u00e8gle g\u00e9n\u00e9rale il vous faudra apporter votre propre mat\u00e9riel (cours particuliers, stage de peinture&#8230;) mais pour certains stages le mat\u00e9riel sera enti\u00e8rement fourni (S<a href=\"https:\/\/www.nadejart.fr\/shop\/produit\/stage-dessin-intensif\/\" data-type=\"product\" data-id=\"102\">tage de dessin intensif <\/a>par exemple ou le <a href=\"https:\/\/www.nadejart.fr\/shop\/produit\/stage-bd-illustration\/\">Stage de BD et illustratio<\/a>n).<\/p>\n\n\n\n<p>Pour les achats cadeaux, vous pourrez \u00e9galement prendre l&rsquo;option de <a href=\"https:\/\/www.nadejart.fr\/shop\/produit\/supplement-materiel-stage-de-peinture-ou-de-pastels\/\">Suppl\u00e9ment mat\u00e9rie<\/a>l.<\/p>\n\n\n\n<h3 class=\"wp-block-heading\">Proposez-vous des cours collectifs \u00e0 l&rsquo;ann\u00e9e ?<\/h3>\n\n\n\n<p>Oui, les cours collectifs se d\u00e9roulent du <strong>mois d&rsquo;octobre au mois de juin<\/strong>. Le programme et les propositions de groupes varient chaque ann\u00e9e. Vous pouvez consulter la page du <a href=\"https:\/\/www.nadejart.fr\" target=\"_blank\" rel=\"noreferrer noopener\">blog<\/a> pour le programme mis \u00e0 jour : <a href=\"https:\/\/www.nadejart.fr\/wp\/atelier\/horaires-tarifs\/\" target=\"_blank\" rel=\"noreferrer noopener\">https:\/\/www.nadejart.fr\/wp\/atelier\/horaires-tarifs\/<\/a><\/p>\n\n\n\n<h3 class=\"wp-block-heading\">Comment offrir une carte cadeau pour un cours ou un stage artistique ?<\/h3>\n\n\n\n<p>Vous pouvez r\u00e9server un stage directement, utiliser la fonction <a data-type=\"product\" data-id=\"429\" href=\"https:\/\/www.nadejart.fr\/shop\/produit\/carte-cadeau\/\">Carte cadeau<\/a> du site ou bien prendre <a data-type=\"page\" data-id=\"365\" href=\"https:\/\/www.nadejart.fr\/shop\/contact\/\">contact<\/a> (en pr\u00e9cisant les informations du destinataire du cadeau).<\/p>\n\n\n\n<h3 class=\"wp-block-heading\">Je voudrais offrir un stage mais je ne sais pas trop lequel, pouvez-vous faire une carte cadeau \u00ab\u00a0libre\u00a0\u00bb ?<\/h3>\n\n\n\n<p>Oui, il est tout \u00e0 fait possible de faire une carte avec un montant libre et le b\u00e9n\u00e9ficiaire pourra l&rsquo;utiliser pour un stage ou un cours de son choix. Prendre <a href=\"https:\/\/www.nadejart.fr\/shop\/contact\/\" title=\"Contact\">contact<\/a> directement ou utilisez la fonction <a data-type=\"product\" data-id=\"429\" href=\"https:\/\/www.nadejart.fr\/shop\/produit\/carte-cadeau\/\">Carte cadeau<\/a> du site .<\/p>\n\n\n\n<div class=\"wp-block-group is-layout-constrained wp-block-group-is-layout-constrained\">\n<h3 class=\"wp-block-heading\">Combien de temps sont valables les cartes cadeaux ?<\/h3>\n\n\n\n<p>Pour les cartes cadeau sans pr\u00e9cisions de date (par exemple pour les cours particuliers)  elles sont valables <strong>6 mois<\/strong>.<br>Vous pouvez \u00e9galement pr\u00e9ciser la date du stage et dans ce cas la carte sera valable jusqu&rsquo;au stage concern\u00e9 (par exemple vous faites votre achat le 2 novembre pour un stage d&rsquo;aquarelle se d\u00e9roulant le 5 juin de l&rsquo;ann\u00e9e suivante).<\/p>\n\n\n\n<p>Pour les cas particuliers n&rsquo;h\u00e9sitez pas \u00e0 prendre <a href=\"https:\/\/www.nadejart.fr\/shop\/contact\/\" data-type=\"page\" data-id=\"365\">contact<\/a>.<\/p>\n<\/div>\n\n\n\n<hr class=\"wp-block-separator has-alpha-channel-opacity\"\/>\n\n\n\n<p>Pour toute autre information, vous pouvez \u00e9galement consulter les <a data-type=\"page\" data-id=\"25\" href=\"https:\/\/www.nadejart.fr\/shop\/cgu-cgv\/\">CGV<\/a> du site, prendre <a href=\"https:\/\/www.nadejart.fr\/shop\/contact\/\" title=\"Contact\">contact<\/a>, ou bien utiliser le chat disponible sur le site.<\/p>\n\n\n\n<p><em>Derni\u00e8re mise \u00e0 jour <\/em><\/p>\n\n\n<div class=\"wp-block-post-date__modified-date wp-block-post-date\"><time datetime=\"2026-03-26T16:19:44+00:00\">26 mars 2026<\/time><\/div>","protected":false},"excerpt":{"rendered":"<p>Doit-on apporter son mat\u00e9riel de dessin\/de peinture ? Cela d\u00e9pend du cours ou du stage. En r\u00e8gle g\u00e9n\u00e9rale il vous faudra apporter votre propre mat\u00e9riel (cours particuliers, stage de peinture&#8230;) mais pour certains stages le mat\u00e9riel sera enti\u00e8rement fourni (Stage de dessin intensif par exemple ou le Stage de BD et illustration). Pour les achats [&hellip;]<\/p>\n","protected":false},"author":4,"featured_media":209,"parent":0,"menu_order":0,"comment_status":"closed","ping_status":"closed","template":"","meta":{"_monsterinsights_skip_tracking":false,"_monsterinsights_sitenote_active":false,"_monsterinsights_sitenote_note":"","_monsterinsights_sitenote_category":0,"footnotes":""},"class_list":["post-699","page","type-page","status-publish","has-post-thumbnail","hentry"],"blocksy_meta":[],"aioseo_notices":[],"_links":{"self":[{"href":"https:\/\/www.nadejart.fr\/shop\/wp-json\/wp\/v2\/pages\/699","targetHints":{"allow":["GET"]}}],"collection":[{"href":"https:\/\/www.nadejart.fr\/shop\/wp-json\/wp\/v2\/pages"}],"about":[{"href":"https:\/\/www.nadejart.fr\/shop\/wp-json\/wp\/v2\/types\/page"}],"author":[{"embeddable":true,"href":"https:\/\/www.nadejart.fr\/shop\/wp-json\/wp\/v2\/users\/4"}],"replies":[{"embeddable":true,"href":"https:\/\/www.nadejart.fr\/shop\/wp-json\/wp\/v2\/comments?post=699"}],"version-history":[{"count":5,"href":"https:\/\/www.nadejart.fr\/shop\/wp-json\/wp\/v2\/pages\/699\/revisions"}],"predecessor-version":[{"id":717,"href":"https:\/\/www.nadejart.fr\/shop\/wp-json\/wp\/v2\/pages\/699\/revisions\/717"}],"wp:featuredmedia":[{"embeddable":true,"href":"https:\/\/www.nadejart.fr\/shop\/wp-json\/wp\/v2\/media\/209"}],"wp:attachment":[{"href":"https:\/\/www.nadejart.fr\/shop\/wp-json\/wp\/v2\/media?parent=699"}],"curies":[{"name":"wp","href":"https:\/\/api.w.org\/{rel}","templated":true}]}}

<h3 class="wp-block-heading">Doit-on apporter son matériel de dessin/de peinture ?</h3>



<p>Cela dépend du cours ou du stage. En règle générale il vous faudra apporter votre propre matériel (cours particuliers, stage de peinture&#8230;) mais pour certains stages le matériel sera entièrement fourni (S<a href="https://www.nadejart.fr/shop/produit/stage-dessin-intensif/" data-type="product" data-id="102">tage de dessin intensif </a>par exemple ou le <a href="https://www.nadejart.fr/shop/produit/stage-bd-illustration/">Stage de BD et illustratio</a>n).</p>



<p>Pour les achats cadeaux, vous pourrez également prendre l&rsquo;option de <a href="https://www.nadejart.fr/shop/produit/supplement-materiel-stage-de-peinture-ou-de-pastels/">Supplément matérie</a>l.</p>



<h3 class="wp-block-heading">Proposez-vous des cours collectifs à l&rsquo;année ?</h3>



<p>Oui, les cours collectifs se déroulent du <strong>mois d&rsquo;octobre au mois de juin</strong>. Le programme et les propositions de groupes varient chaque année. Vous pouvez consulter la page du <a href="https://www.nadejart.fr" target="_blank" rel="noreferrer noopener">blog</a> pour le programme mis à jour : <a href="https://www.nadejart.fr/wp/atelier/horaires-tarifs/" target="_blank" rel="noreferrer noopener">https://www.nadejart.fr/wp/atelier/horaires-tarifs/</a></p>



<h3 class="wp-block-heading">Comment offrir une carte cadeau pour un cours ou un stage artistique ?</h3>



<p>Vous pouvez réserver un stage directement, utiliser la fonction <a data-type="product" data-id="429" href="https://www.nadejart.fr/shop/produit/carte-cadeau/">Carte cadeau</a> du site ou bien prendre <a data-type="page" data-id="365" href="https://www.nadejart.fr/shop/contact/">contact</a> (en précisant les informations du destinataire du cadeau).</p>



<h3 class="wp-block-heading">Je voudrais offrir un stage mais je ne sais pas trop lequel, pouvez-vous faire une carte cadeau « libre » ?</h3>



<p>Oui, il est tout à fait possible de faire une carte avec un montant libre et le bénéficiaire pourra l&rsquo;utiliser pour un stage ou un cours de son choix. Prendre <a href="https://www.nadejart.fr/shop/contact/" title="Contact">contact</a> directement ou utilisez la fonction <a data-type="product" data-id="429" href="https://www.nadejart.fr/shop/produit/carte-cadeau/">Carte cadeau</a> du site .</p>



<div class="wp-block-group is-layout-constrained wp-block-group-is-layout-constrained">
<h3 class="wp-block-heading">Combien de temps sont valables les cartes cadeaux ?</h3>



<p>Pour les cartes cadeau sans précisions de date (par exemple pour les cours particuliers)  elles sont valables <strong>6 mois</strong>.<br>Vous pouvez également préciser la date du stage et dans ce cas la carte sera valable jusqu&rsquo;au stage concerné (par exemple vous faites votre achat le 2 novembre pour un stage d&rsquo;aquarelle se déroulant le 5 juin de l&rsquo;année suivante).</p>



<p>Pour les cas particuliers n&rsquo;hésitez pas à prendre <a href="https://www.nadejart.fr/shop/contact/" data-type="page" data-id="365">contact</a>.</p>
</div>



<hr class="wp-block-separator has-alpha-channel-opacity"/>



<p>Pour toute autre information, vous pouvez également consulter les <a data-type="page" data-id="25" href="https://www.nadejart.fr/shop/cgu-cgv/">CGV</a> du site, prendre <a href="https://www.nadejart.fr/shop/contact/" title="Contact">contact</a>, ou bien utiliser le chat disponible sur le site.</p>



<p><em>Dernière mise à jour </em></p>


<div class="wp-block-post-date__modified-date wp-block-post-date"><time datetime="2026-03-26T16:19:44+00:00">26 mars 2026</time></div>

<p>Doit-on apporter son matériel de dessin/de peinture ? Cela dépend du cours ou du stage. En règle générale il vous faudra apporter votre propre matériel (cours particuliers, stage de peinture&#8230;) mais pour certains stages le matériel sera entièrement fourni (Stage de dessin intensif par exemple ou le Stage de BD et illustration). Pour les achats [&hellip;]</p>
