{"id":47,"date":"2016-09-27T19:44:42","date_gmt":"2016-09-27T19:44:42","guid":{"rendered":"https:\/\/www.nadejart.fr\/boutique\/produit\/carte-cancer\/"},"modified":"2026-02-23T17:14:28","modified_gmt":"2026-02-23T17:14:28","slug":"carte-anniversaire-signe-zodiaque-cancer","status":"publish","type":"product","link":"https:\/\/www.nadejart.fr\/boutique\/produit\/carte-anniversaire-signe-zodiaque-cancer\/","title":{"rendered":"Illustration du signe du Cancer"},"content":{"rendered":"<h3>\u264b Illustration du signe du Cancer<\/h3>\n<p>L&rsquo;illustration repr\u00e9sente le signe du zodiaque du Cancer (mois de Juillet).<\/p>\n<div class=\"citem\">\n<div class=\"clabel\"><strong>Technique<\/strong><\/div>\n<div class=\"clabel\">Multiples<\/div>\n<\/div>\n<div class=\"citem\">\n<div class=\"clabel\"><strong>Dimensions<\/strong><\/div>\n<div class=\"clabel\">16x16cm<\/div>\n<\/div>\n<div class=\"citem\">\n<div class=\"clabel\"><strong>Support<\/strong><\/div>\n<div class=\"clabel\">Impression sur papier de qualit\u00e9 (350g)<\/div>\n<\/div>\n<div class=\"citem\">\n<div class=\"clabel\"><strong>Garanties<\/strong><\/div>\n<div class=\"clabel\">100% Cr\u00e9ation \u261e\u00a0 Tirage limit\u00e9 ! (Image d&rsquo;Art)<\/div>\n<\/div>\n<hr \/>\n<p>Tous les signes :<\/p>\n<ul>\n<li><a href=\"https:\/\/www.nadejart.fr\/boutique\/produit\/carte-anniversaire-signe-zodiaque-poissons\/\">Poisson<\/a> (20 f\u00e9vrier &#8211; 20 mars)<\/li>\n<li><a href=\"https:\/\/www.nadejart.fr\/boutique\/produit\/carte-belier\/\">B\u00e9lier<\/a> (21 mars &#8211; 19 avril)<\/li>\n<li><a href=\"https:\/\/www.nadejart.fr\/boutique\/produit\/carte-taureau\/\">Taureau<\/a> (20 avril &#8211; 20 mai)<\/li>\n<li><a href=\"https:\/\/www.nadejart.fr\/boutique\/produit\/carte-gemeaux\/\">G\u00e9meaux<\/a> (21 mai &#8211; 20 juin)<\/li>\n<li>Cancer (21 juin &#8211; 22 juillet)<\/li>\n<li><a href=\"https:\/\/www.nadejart.fr\/boutique\/produit\/carte-lion\/\">Lion<\/a> (23 juillet &#8211; 22 aout)<\/li>\n<li><a href=\"https:\/\/www.nadejart.fr\/boutique\/produit\/carte-vierge\/\">Vierge<\/a> (23 ao\u00fbt &#8211; 22 septembre)<\/li>\n<li><a href=\"https:\/\/www.nadejart.fr\/boutique\/produit\/carte-balance\/\">Balance<\/a> (23 septembre &#8211; 22 octobre)<\/li>\n<li><a href=\"https:\/\/www.nadejart.fr\/boutique\/produit\/carte-scorpion\/\">Scorpion<\/a> (23 octobre &#8211; 21 novembre)<\/li>\n<li><a href=\"https:\/\/www.nadejart.fr\/boutique\/produit\/carte-sagittaire\/\">Sagittaire<\/a> (22 novembre &#8211; 21 d\u00e9cembre)<\/li>\n<li><a href=\"https:\/\/www.nadejart.fr\/boutique\/produit\/carte-anniversaire-signe-zodiaque-capricorne\/\">Capricorne<\/a> (22 d\u00e9cembre &#8211; 19 janvier)<\/li>\n<li><a href=\"https:\/\/www.nadejart.fr\/boutique\/produit\/carte-verseau\/\">Verseau<\/a> (20 janvier &#8211; 19 f\u00e9vrier)<\/li>\n<\/ul>\n<hr \/>\n<p>\u00a9 2016-2020 www.nadejart.fr &#8211; toute reproduction interdite &#8211; droits r\u00e9serv\u00e9s<\/p>\n","protected":false},"excerpt":{"rendered":"<p><strong>Illustration du signe astrologique du Cancer<\/strong><\/p>\n<p>(\u00c9dition limit\u00e9e)<\/p>\n<p><span style=\"color: #ff6600;\"><strong><em>Le cancer : la joie et la gentillesse<\/em><\/strong><\/span><\/p>\n","protected":false},"featured_media":5481,"comment_status":"open","ping_status":"closed","template":"","meta":{"_coblocks_attr":"","_coblocks_dimensions":"","_coblocks_responsive_height":"","_coblocks_accordion_ie_support":"","_monsterinsights_skip_tracking":false,"_monsterinsights_sitenote_active":false,"_monsterinsights_sitenote_note":"","_monsterinsights_sitenote_category":0,"site-sidebar-layout":"default","site-content-layout":"","ast-site-content-layout":"default","site-content-style":"default","site-sidebar-style":"default","ast-global-header-display":"","ast-banner-title-visibility":"","ast-main-header-display":"","ast-hfb-above-header-display":"","ast-hfb-below-header-display":"","ast-hfb-mobile-header-display":"","site-post-title":"","ast-breadcrumbs-content":"","ast-featured-img":"","footer-sml-layout":"","ast-disable-related-posts":"","theme-transparent-header-meta":"","adv-header-id-meta":"","stick-header-meta":"","header-above-stick-meta":"","header-main-stick-meta":"","header-below-stick-meta":"","astra-migrate-meta-layouts":"default","ast-page-background-enabled":"default","ast-page-background-meta":{"desktop":{"background-color":"var(--ast-global-color-5)","background-image":"","background-repeat":"repeat","background-position":"center center","background-size":"auto","background-attachment":"scroll","background-type":"","background-media":"","overlay-type":"","overlay-color":"","overlay-opacity":"","overlay-gradient":""},"tablet":{"background-color":"","background-image":"","background-repeat":"repeat","background-position":"center center","background-size":"auto","background-attachment":"scroll","background-type":"","background-media":"","overlay-type":"","overlay-color":"","overlay-opacity":"","overlay-gradient":""},"mobile":{"background-color":"","background-image":"","background-repeat":"repeat","background-position":"center center","background-size":"auto","background-attachment":"scroll","background-type":"","background-media":"","overlay-type":"","overlay-color":"","overlay-opacity":"","overlay-gradient":""}},"ast-content-background-meta":{"desktop":{"background-color":"var(--ast-global-color-4)","background-image":"","background-repeat":"repeat","background-position":"center center","background-size":"auto","background-attachment":"scroll","background-type":"","background-media":"","overlay-type":"","overlay-color":"","overlay-opacity":"","overlay-gradient":""},"tablet":{"background-color":"var(--ast-global-color-4)","background-image":"","background-repeat":"repeat","background-position":"center center","background-size":"auto","background-attachment":"scroll","background-type":"","background-media":"","overlay-type":"","overlay-color":"","overlay-opacity":"","overlay-gradient":""},"mobile":{"background-color":"var(--ast-global-color-4)","background-image":"","background-repeat":"repeat","background-position":"center center","background-size":"auto","background-attachment":"scroll","background-type":"","background-media":"","overlay-type":"","overlay-color":"","overlay-opacity":"","overlay-gradient":""}}},"product_brand":[],"product_cat":[10,414],"product_tag":[29,7,28,8],"class_list":{"0":"post-47","1":"product","2":"type-product","3":"status-publish","4":"has-post-thumbnail","6":"product_cat-signes-astrologiques","7":"product_cat-imprimes","8":"product_tag-cancer","9":"product_tag-carte-postale","10":"product_tag-juillet","11":"product_tag-signe-astrologique","12":"product_shipping_class-lettre-suivie-verte-100g","13":"desktop-align-left","14":"tablet-align-left","15":"mobile-align-left","17":"first","18":"instock","19":"sale","20":"shipping-taxable","21":"purchasable","22":"product-type-simple"},"yoast_head":"<!-- This site is optimized with the Yoast SEO plugin v27.4 - https:\/\/yoast.com\/product\/yoast-seo-wordpress\/ -->\n<title>Illustration du signe du Cancer - Nadej&#039;Art - Infusions cr\u00e9atives<\/title>\n<meta name=\"robots\" content=\"index, follow, max-snippet:-1, max-image-preview:large, max-video-preview:-1\" \/>\n<link rel=\"canonical\" href=\"https:\/\/www.nadejart.fr\/boutique\/produit\/carte-anniversaire-signe-zodiaque-cancer\/\" \/>\n<meta property=\"og:locale\" content=\"fr_FR\" \/>\n<meta property=\"og:type\" content=\"article\" \/>\n<meta property=\"og:title\" content=\"Illustration du signe du Cancer - Nadej&#039;Art - Infusions cr\u00e9atives\" \/>\n<meta property=\"og:description\" content=\"Illustration du signe astrologique du Cancer  (\u00c9dition limit\u00e9e)  Le cancer : la joie et la gentillesse\" \/>\n<meta property=\"og:url\" content=\"https:\/\/www.nadejart.fr\/boutique\/produit\/carte-anniversaire-signe-zodiaque-cancer\/\" \/>\n<meta property=\"og:site_name\" content=\"Nadej&#039;Art - Infusions cr\u00e9atives\" \/>\n<meta property=\"article:modified_time\" content=\"2026-02-23T17:14:28+00:00\" \/>\n<meta property=\"og:image\" content=\"https:\/\/www.nadejart.fr\/boutique\/wp-content\/uploads\/2016\/09\/illustration-signe-cancer.jpg\" \/>\n\t<meta property=\"og:image:width\" content=\"400\" \/>\n\t<meta property=\"og:image:height\" content=\"400\" \/>\n\t<meta property=\"og:image:type\" content=\"image\/jpeg\" \/>\n<meta name=\"twitter:card\" content=\"summary_large_image\" \/>\n<meta name=\"twitter:label1\" content=\"Dur\u00e9e de lecture estim\u00e9e\" \/>\n\t<meta name=\"twitter:data1\" content=\"1 minute\" \/>\n<script type=\"application\/ld+json\" class=\"yoast-schema-graph\">{\"@context\":\"https:\\\/\\\/schema.org\",\"@graph\":[{\"@type\":\"WebPage\",\"@id\":\"https:\\\/\\\/www.nadejart.fr\\\/boutique\\\/produit\\\/carte-anniversaire-signe-zodiaque-cancer\\\/\",\"url\":\"https:\\\/\\\/www.nadejart.fr\\\/boutique\\\/produit\\\/carte-anniversaire-signe-zodiaque-cancer\\\/\",\"name\":\"Illustration du signe du Cancer - Nadej&#039;Art - Infusions cr\u00e9atives\",\"isPartOf\":{\"@id\":\"https:\\\/\\\/www.nadejart.fr\\\/boutique\\\/#website\"},\"primaryImageOfPage\":{\"@id\":\"https:\\\/\\\/www.nadejart.fr\\\/boutique\\\/produit\\\/carte-anniversaire-signe-zodiaque-cancer\\\/#primaryimage\"},\"image\":{\"@id\":\"https:\\\/\\\/www.nadejart.fr\\\/boutique\\\/produit\\\/carte-anniversaire-signe-zodiaque-cancer\\\/#primaryimage\"},\"thumbnailUrl\":\"https:\\\/\\\/www.nadejart.fr\\\/boutique\\\/wp-content\\\/uploads\\\/2016\\\/09\\\/illustration-signe-cancer.jpg\",\"datePublished\":\"2016-09-27T19:44:42+00:00\",\"dateModified\":\"2026-02-23T17:14:28+00:00\",\"breadcrumb\":{\"@id\":\"https:\\\/\\\/www.nadejart.fr\\\/boutique\\\/produit\\\/carte-anniversaire-signe-zodiaque-cancer\\\/#breadcrumb\"},\"inLanguage\":\"fr-FR\",\"potentialAction\":[{\"@type\":\"ReadAction\",\"target\":[\"https:\\\/\\\/www.nadejart.fr\\\/boutique\\\/produit\\\/carte-anniversaire-signe-zodiaque-cancer\\\/\"]}]},{\"@type\":\"ImageObject\",\"inLanguage\":\"fr-FR\",\"@id\":\"https:\\\/\\\/www.nadejart.fr\\\/boutique\\\/produit\\\/carte-anniversaire-signe-zodiaque-cancer\\\/#primaryimage\",\"url\":\"https:\\\/\\\/www.nadejart.fr\\\/boutique\\\/wp-content\\\/uploads\\\/2016\\\/09\\\/illustration-signe-cancer.jpg\",\"contentUrl\":\"https:\\\/\\\/www.nadejart.fr\\\/boutique\\\/wp-content\\\/uploads\\\/2016\\\/09\\\/illustration-signe-cancer.jpg\",\"width\":400,\"height\":400},{\"@type\":\"BreadcrumbList\",\"@id\":\"https:\\\/\\\/www.nadejart.fr\\\/boutique\\\/produit\\\/carte-anniversaire-signe-zodiaque-cancer\\\/#breadcrumb\",\"itemListElement\":[{\"@type\":\"ListItem\",\"position\":1,\"name\":\"Accueil\",\"item\":\"https:\\\/\\\/www.nadejart.fr\\\/boutique\\\/\"},{\"@type\":\"ListItem\",\"position\":2,\"name\":\"Nadej&rsquo;Art &#8211; Boutique d\u2019illustratrice &#8211; Infusions cr\u00e9atives !\",\"item\":\"https:\\\/\\\/www.nadejart.fr\\\/boutique\\\/\"},{\"@type\":\"ListItem\",\"position\":3,\"name\":\"Imprim\u00e9s\",\"item\":\"https:\\\/\\\/www.nadejart.fr\\\/boutique\\\/categorie-produit\\\/imprimes\\\/\"},{\"@type\":\"ListItem\",\"position\":4,\"name\":\"Illustration du signe du Cancer\"}]},{\"@type\":\"WebSite\",\"@id\":\"https:\\\/\\\/www.nadejart.fr\\\/boutique\\\/#website\",\"url\":\"https:\\\/\\\/www.nadejart.fr\\\/boutique\\\/\",\"name\":\"Nadej'Art - Infusions cr\u00e9atives\",\"description\":\"Illustrations artiste ind\u00e9pendant\",\"publisher\":{\"@id\":\"https:\\\/\\\/www.nadejart.fr\\\/boutique\\\/#\\\/schema\\\/person\\\/cab632e7460709692c7e75bdc9db88de\"},\"alternateName\":\"Nadejart cr\u00e9ations\",\"potentialAction\":[{\"@type\":\"SearchAction\",\"target\":{\"@type\":\"EntryPoint\",\"urlTemplate\":\"https:\\\/\\\/www.nadejart.fr\\\/boutique\\\/?s={search_term_string}\"},\"query-input\":{\"@type\":\"PropertyValueSpecification\",\"valueRequired\":true,\"valueName\":\"search_term_string\"}}],\"inLanguage\":\"fr-FR\"},{\"@type\":[\"Person\",\"Organization\"],\"@id\":\"https:\\\/\\\/www.nadejart.fr\\\/boutique\\\/#\\\/schema\\\/person\\\/cab632e7460709692c7e75bdc9db88de\",\"name\":\"Cr\u00e9a Nad\",\"image\":{\"@type\":\"ImageObject\",\"inLanguage\":\"fr-FR\",\"@id\":\"https:\\\/\\\/www.nadejart.fr\\\/boutique\\\/wp-content\\\/uploads\\\/2026\\\/01\\\/cropped-Illustration_sans_titre-9.jpg\",\"url\":\"https:\\\/\\\/www.nadejart.fr\\\/boutique\\\/wp-content\\\/uploads\\\/2026\\\/01\\\/cropped-Illustration_sans_titre-9.jpg\",\"contentUrl\":\"https:\\\/\\\/www.nadejart.fr\\\/boutique\\\/wp-content\\\/uploads\\\/2026\\\/01\\\/cropped-Illustration_sans_titre-9.jpg\",\"width\":1800,\"height\":600,\"caption\":\"Cr\u00e9a Nad\"},\"logo\":{\"@id\":\"https:\\\/\\\/www.nadejart.fr\\\/boutique\\\/wp-content\\\/uploads\\\/2026\\\/01\\\/cropped-Illustration_sans_titre-9.jpg\"}}]}<\/script>\n<!-- \/ Yoast SEO plugin. -->","yoast_head_json":{"title":"Illustration du signe du Cancer - Nadej&#039;Art - Infusions cr\u00e9atives","robots":{"index":"index","follow":"follow","max-snippet":"max-snippet:-1","max-image-preview":"max-image-preview:large","max-video-preview":"max-video-preview:-1"},"canonical":"https:\/\/www.nadejart.fr\/boutique\/produit\/carte-anniversaire-signe-zodiaque-cancer\/","og_locale":"fr_FR","og_type":"article","og_title":"Illustration du signe du Cancer - Nadej&#039;Art - Infusions cr\u00e9atives","og_description":"Illustration du signe astrologique du Cancer  (\u00c9dition limit\u00e9e)  Le cancer : la joie et la gentillesse","og_url":"https:\/\/www.nadejart.fr\/boutique\/produit\/carte-anniversaire-signe-zodiaque-cancer\/","og_site_name":"Nadej&#039;Art - Infusions cr\u00e9atives","article_modified_time":"2026-02-23T17:14:28+00:00","og_image":[{"width":400,"height":400,"url":"https:\/\/www.nadejart.fr\/boutique\/wp-content\/uploads\/2016\/09\/illustration-signe-cancer.jpg","type":"image\/jpeg"}],"twitter_card":"summary_large_image","twitter_misc":{"Dur\u00e9e de lecture estim\u00e9e":"1 minute"},"schema":{"@context":"https:\/\/schema.org","@graph":[{"@type":"WebPage","@id":"https:\/\/www.nadejart.fr\/boutique\/produit\/carte-anniversaire-signe-zodiaque-cancer\/","url":"https:\/\/www.nadejart.fr\/boutique\/produit\/carte-anniversaire-signe-zodiaque-cancer\/","name":"Illustration du signe du Cancer - Nadej&#039;Art - Infusions cr\u00e9atives","isPartOf":{"@id":"https:\/\/www.nadejart.fr\/boutique\/#website"},"primaryImageOfPage":{"@id":"https:\/\/www.nadejart.fr\/boutique\/produit\/carte-anniversaire-signe-zodiaque-cancer\/#primaryimage"},"image":{"@id":"https:\/\/www.nadejart.fr\/boutique\/produit\/carte-anniversaire-signe-zodiaque-cancer\/#primaryimage"},"thumbnailUrl":"https:\/\/www.nadejart.fr\/boutique\/wp-content\/uploads\/2016\/09\/illustration-signe-cancer.jpg","datePublished":"2016-09-27T19:44:42+00:00","dateModified":"2026-02-23T17:14:28+00:00","breadcrumb":{"@id":"https:\/\/www.nadejart.fr\/boutique\/produit\/carte-anniversaire-signe-zodiaque-cancer\/#breadcrumb"},"inLanguage":"fr-FR","potentialAction":[{"@type":"ReadAction","target":["https:\/\/www.nadejart.fr\/boutique\/produit\/carte-anniversaire-signe-zodiaque-cancer\/"]}]},{"@type":"ImageObject","inLanguage":"fr-FR","@id":"https:\/\/www.nadejart.fr\/boutique\/produit\/carte-anniversaire-signe-zodiaque-cancer\/#primaryimage","url":"https:\/\/www.nadejart.fr\/boutique\/wp-content\/uploads\/2016\/09\/illustration-signe-cancer.jpg","contentUrl":"https:\/\/www.nadejart.fr\/boutique\/wp-content\/uploads\/2016\/09\/illustration-signe-cancer.jpg","width":400,"height":400},{"@type":"BreadcrumbList","@id":"https:\/\/www.nadejart.fr\/boutique\/produit\/carte-anniversaire-signe-zodiaque-cancer\/#breadcrumb","itemListElement":[{"@type":"ListItem","position":1,"name":"Accueil","item":"https:\/\/www.nadejart.fr\/boutique\/"},{"@type":"ListItem","position":2,"name":"Nadej&rsquo;Art &#8211; Boutique d\u2019illustratrice &#8211; Infusions cr\u00e9atives !","item":"https:\/\/www.nadejart.fr\/boutique\/"},{"@type":"ListItem","position":3,"name":"Imprim\u00e9s","item":"https:\/\/www.nadejart.fr\/boutique\/categorie-produit\/imprimes\/"},{"@type":"ListItem","position":4,"name":"Illustration du signe du Cancer"}]},{"@type":"WebSite","@id":"https:\/\/www.nadejart.fr\/boutique\/#website","url":"https:\/\/www.nadejart.fr\/boutique\/","name":"Nadej'Art - Infusions cr\u00e9atives","description":"Illustrations artiste ind\u00e9pendant","publisher":{"@id":"https:\/\/www.nadejart.fr\/boutique\/#\/schema\/person\/cab632e7460709692c7e75bdc9db88de"},"alternateName":"Nadejart cr\u00e9ations","potentialAction":[{"@type":"SearchAction","target":{"@type":"EntryPoint","urlTemplate":"https:\/\/www.nadejart.fr\/boutique\/?s={search_term_string}"},"query-input":{"@type":"PropertyValueSpecification","valueRequired":true,"valueName":"search_term_string"}}],"inLanguage":"fr-FR"},{"@type":["Person","Organization"],"@id":"https:\/\/www.nadejart.fr\/boutique\/#\/schema\/person\/cab632e7460709692c7e75bdc9db88de","name":"Cr\u00e9a Nad","image":{"@type":"ImageObject","inLanguage":"fr-FR","@id":"https:\/\/www.nadejart.fr\/boutique\/wp-content\/uploads\/2026\/01\/cropped-Illustration_sans_titre-9.jpg","url":"https:\/\/www.nadejart.fr\/boutique\/wp-content\/uploads\/2026\/01\/cropped-Illustration_sans_titre-9.jpg","contentUrl":"https:\/\/www.nadejart.fr\/boutique\/wp-content\/uploads\/2026\/01\/cropped-Illustration_sans_titre-9.jpg","width":1800,"height":600,"caption":"Cr\u00e9a Nad"},"logo":{"@id":"https:\/\/www.nadejart.fr\/boutique\/wp-content\/uploads\/2026\/01\/cropped-Illustration_sans_titre-9.jpg"}}]}},"_links":{"self":[{"href":"https:\/\/www.nadejart.fr\/boutique\/wp-json\/wp\/v2\/product\/47","targetHints":{"allow":["GET"]}}],"collection":[{"href":"https:\/\/www.nadejart.fr\/boutique\/wp-json\/wp\/v2\/product"}],"about":[{"href":"https:\/\/www.nadejart.fr\/boutique\/wp-json\/wp\/v2\/types\/product"}],"replies":[{"embeddable":true,"href":"https:\/\/www.nadejart.fr\/boutique\/wp-json\/wp\/v2\/comments?post=47"}],"wp:featuredmedia":[{"embeddable":true,"href":"https:\/\/www.nadejart.fr\/boutique\/wp-json\/wp\/v2\/media\/5481"}],"wp:attachment":[{"href":"https:\/\/www.nadejart.fr\/boutique\/wp-json\/wp\/v2\/media?parent=47"}],"wp:term":[{"taxonomy":"product_brand","embeddable":true,"href":"https:\/\/www.nadejart.fr\/boutique\/wp-json\/wp\/v2\/product_brand?post=47"},{"taxonomy":"product_cat","embeddable":true,"href":"https:\/\/www.nadejart.fr\/boutique\/wp-json\/wp\/v2\/product_cat?post=47"},{"taxonomy":"product_tag","embeddable":true,"href":"https:\/\/www.nadejart.fr\/boutique\/wp-json\/wp\/v2\/product_tag?post=47"}],"curies":[{"name":"wp","href":"https:\/\/api.w.org\/{rel}","templated":true}]}}